- (20 + -6)) + (4 - -4).
0
What is -9 - -2 - -1 - -15 - -4?
13
What is 0 + (-27 - -27) - ((-1 - 1) + 5)?
-3
Calculate -6 + 40 + -23 + -3 + -24.
-16
Calculate 3 + 30 + -23 + -12.
-2
(-41 - -45) + (-2 - (-3 + (1 - -18)))
-14
Calculate -24 + -5 + 28 + (7 - -4).
10
What is (-4 - ((-5 - -3) + -14) - 0) + -1?
11
Evaluate 1 + 2 + -22 - (67 - (70 + 7)).
-9
What is 5 - (-27 + (75 - 32))?
-11
Evaluate 9 + -1 - ((5 - 6) + 14 + 15).
-20
-5 - 36 - (-6 + (16 - 24))
-27
What is the value of -10 - (3 + -12 + -15 + 5)?
9
Calculate 4 + (12 + -11 + 1 - (3 - 2)).
5
What is -29 - (-35 - (30 + -43))?
-7
What is 81 - 85 - (0 - (-1 + -1))?
-6
(-5 - 2) + (-4 - -4) + (2 - 0)
-5
2 + 7 - (17 + -33 + 19)
6
-15 + 2 + -5 - -11 - 2 - -13
4
What is 13 + (-1 - (13 - -14)) - -6?
-9
What is the value of -280 + 249 + 25 + 5?
-1
What is the value of 34 - -1 - (183 + -174)?
26
What is the value of -148 + 159 - (12 + -2 + 0)?
1
-3 + 7 - (-12 - -15) - (0 + -2)
3
Evaluate (17 - (16 + -1)) + 5 + -3.
4
Evaluate 5 - (-8 + (-11 - -29) + -7).
2
What is 12 + -5 + -12 + (3 - -1)?
-1
Calculate (-25 - -14) + -3 - -24.
10
(-1 - -8) + -4 + 6 + -20
-11
-31 - (-9 - 8 - 0)
-14
What is -62 + 66 + (-8 - 0)?
-4
8 + -6 - (8 + (-3 - 10))
7
-9 + 0 + (14 - 2) - (6 + -1)
-2
Evaluate 3 + -26 + 19 - (-6 + 0).
2
What is the value of -14 + -16 + (-14 - (9 - 30))?
-23
Calculate -5 + (-6 - -16) - (-5 + 7).
3
What is -223 + 187 + (23 - 2)?
-15
What is (-13 - -30) + (-2 + (4 - 4) - -4)?
19
Calculate (-2 - (2 - -3)) + -5 + 8.
-4
Evaluate -7 + (3 - (-15 + 8)).
3
Calculate 2 + -15 - (39 + -43).
-9
What is the value of (-16 - (-35 - -15)) + -12?
-8
Evaluate -2 + 4 + (-166 - -165).
1
What is -1 - ((68 - 53) + -3 + 6 + -9)?
-10
(14 - 2) + -12 + 48 + -27
21
What is -2 + -8 + (16 - -5) + -7?
4
Calculate -15 + -10 + 5 - -11.
-9
Calculate -20 + (-2 + 5 + 0 - (109 + -114)).
-12
What is the value of (-4 - (-10 - 0)) + -5 + 7 - 1?
7
Calculate 4 + 22 + -7 - (0 - -5 - -1).
13
Calculate 7 + -7 + -14 - -8 - (5 + 11).
-22
Calculate (45 - 37) + (5 - (22 - 3)).
-6
Evaluate 2 - (6 - (0 + 0 + -3)) - -21.
14
0 + 2 + -1 + (-3 - -3) + 6
7
Calculate 18 + (-18 - 20) - -22.
2
(0 - 23) + (-227 - -224)
-26
13 + -12 + 28 + -8 - -5
26
Evaluate (-4 - -10) + -2 + -4 + 2 + -2.
0
Calculate 6 + 11 + -35 + 3 + 0.
-15
-8 - (7 + -3 + (-5 + 5 - 1))
-11
-1 + (6 - 3 - -10) + -12
0
What is 6 - 28 - (-23 - -6)?
-5
What is -2 + 24 + (19 + -6 - 13)?
22
-1 + (-20 - -15 - (-1 - 6)) - 7
-6
What is 28 + 7 + -28 + -22 + -1?
-16
0 - (-1 + 6 + 0) - (-2122 + 2092)
25
What is the value of 13 - (-12 + 48 + -11)?
-12
What is 5 + (-13 - (0 - (5 + 2)))?
-1
Evaluate (1 + -22 - 0) + (-52 - -33 - -24).
-16
Evaluate (4 - (3 + -7)) + 9 + -14 + -12.
-9
Calculate (-18 - (-14 + 0 + 2)) + 1 + 1.
-4
Calculate 99 - 100 - (5 + -16).
10
-4 + 10 + (24 + -18 - 0)
12
11 + (5 - (5 - (0 - 12)) - -3)
2
What is the value of -8 + 0 + -6 + 9 + 22?
17
Evaluate -37 - (-19 - -4 - (-3 + -13)).
-38
What is -4 - 35 - ((26 - 33) + 1)?
-33
Evaluate 0 + -11 + (984 - 960).
13
Calculate (-7 + 14 - 27) + -4 + 13.
-11
What is -9 - (-12 - (7 - 6))?
4
What is 36 + -30 + (-15 - -3)?
-6
What is -23 - (-9 - (-21 + 22))?
-13
3 - (16 + -28) - 18
-3
Evaluate 3 + -5 - (-3 - (11 + -35)).
-23
-10 - -8 - ((-5 - 1) + 8 + 1)
-5
Evaluate -15 - (0 - (6 - 1)).
-10
Evaluate (5 - 0 - (3 - (-51 - -43))) + 11.
5
What is the value of (-16 - 22) + 36 - (-9 - 2)?
9
Calculate 8 + 47 + -85 + 15.
-15
2 + (0 - -7 - (-14 + 25))
-2
0 - -22 - 58 - -19
-17
-7 - (-5 + 7 + -12 - -3)
0
What is the value of -1 - 2 - (-80 - -65) - -7?
19
What is the value of 5 - ((3 - (11 - -2)) + -1 + 7)?
9
Calculate -9 - ((-2 - (-8 - -7)) + -5).
-3
What is -15 - (-26 + -10 + 8)?
13
What is the value of (-13 - -27) + -7 - (0 - -1)?
6
Calculate 26 - (-4 - (-9 - 1)) - 13.
7
What is the value of (0 + (-17 - -4) - -1) + (3 - -1)?
-8
-5 - (7 + -20 - (0 + -6) - -7)
-5
What is 2 - -5 - (-8 - (0 + -18))?
-3
What is the value of 8 - (9 - -5) - (4 + -3 - 2)?
-5
(1 - -8) + (-17 - -19) - -2
13
What is the value of -1 - (4 + (-8 - -14 - (-1 - -7)))?
-5
-4 - (17 - (-9 + 16)) - 13
-27
What is the value of 6 - (-2 + -2 - -8 - (11 - -1))?
14
46 - (42 + -33 - -15)
22
What is (3 - -6 - (-95 + 108)) + (1 - 5)?
-8
Calculate (5 - (0 + -1 + -1)) + 9 + 7.
23
What is 2 + -5 + (121 - 127)?
-9
21 + -32 + 18 + 1 + -12 - -3
-1
What is the value of -17 - ((42 - 55 - (2 - 3)) + 11)?
-16
What is 1 + -1 - (-15 + 17) - (1 - -1)?
-4
Evaluate -70 + 68 - 7 - (-11 + 0).
2
Evaluate 6 + (8 - 7 - (10 + -3)) + 9.
9
What is the value of 12 + -12 + -9 + (2 - 4)?
-11
Evaluate 3 + 12 + (-12 - 9).
-6
Evaluate -32 + 9 + (3 - -6 - (1 + 3)).
-18
33 + -25 - (-2 + (-2 - (6 - 3)))
15
What is the value of -4 - (10 + -1 - 14) - 12?
-11
(6 - 12) + 15 + -22
-13
What is the value of 2 - 0 - (-138 - -129)?
11
Evaluate (8 - -15) + (-11 - 0).
12
What is the value of 3 - (2 + (5 + (-1 - 1) - 8))?
6
What is -44 + 13 + 16 - -20?
5
Evaluate 1 + 7 - (10 + -7 - 6 - 3).
14
What is (-18 - -19 - (0 + 4)) + -35 + 41?
3
Calculate 9 - 17 - (-11 + -4 + 7).
0
Evaluate (2 - 6) + -1 - -1 - (-4 - -11).
-11
What is -3 - -5 - 2 - (21 + -33 + 8)?
4
-5 + 7 + (3 - (-8 - -37))
-24
Evaluate 11 + (-23 - 1) - -18.
5
Evaluate 2 + 2 - -2 - (-18 + 17).
7
What is the value of 19 + (22 - 15) + -2 + (-1 - 0)?
23
What is the value of (82 - 72) + (-9 - (-1 + -2)) + -37?
-33
8 + (43 + -49 - (3 + -8))
7
Calculate 16 + 16 + -6 + -25.
1
1 + -8 + (1 - 0 - (105 - 100))
-11
Calculate -2 + -29 + 579 + -572.
-24
What is the value of (1 - -4) + 4 - (12 + -11 - 8)?
16
What is the value of 2 - (2 + -1 - -5 - 7) - 7?
-4
Evaluate -25 + 2 + 6 + 7 - -14.
4
What is -1 + 0 - (21 + (-7 - 4))?
-11
Calculate (-22 - (8 - 6)) + 12.
-12
Evaluate -1 - 7 - (8 + -9).
-7
What is 5 - ((1 - -4) + -5 + -3) - -3?
11
What is the value of -219 + 188 - (-12 + 0)?
-19
What is the value of 2 + -24 - (0 + (-15 + 4 - -3))?
-14
What is 13 - (-5 - 3 - -12) - (4 + 1)?
4
Evaluate 6 + -6 - ((-14 - 0) + (-24 - -24)).
14
What is (5 - (-12 - -21)) + 0?
-4
19 - (-32 - 9 - -33)
27
What is -4 + 3 + 1 - 11?
-11
What is 8 - (-11 + (0 - -1) + 10 + -10)?
18
Evaluate 0 + (0 - 2 - 9).
-11
Evaluate (-3 - (-27 + 16 + -3)) + -19.
-8
-10 - (6 - -15 - 12 - (14 - 1))
-6
What is the value of 15 + -15 + -21 - -13?
-8
What is the value of 2 + (-8 + (-3 - -4) - (-2 - -3))?
-6
What is the value of 14 - (17 + (8 - 20))?
9
What is the value of 50 - (24 + (-11 - 3)) - 16?
24
2 + -1 - (-1 + -1 - (-203 + 206))
6
Calculate (-1 - (-8 - 1)) + (-47 - -36) - 2.
-5
-11 + 3 + (1 - -5 - (23 - 13))
-12
(-41 - -58) + (5 - 10) + 11
23
Evaluate (9 + -1 - -11) + 2 + -3.
18
Evaluate 7 + 0 + 0 + (-5 - -6) + 6.
14
Calculate (-23 - -43 - -2) + -39.
-17
1 - (3 + -8 + 0 + 5 + 12)
-11
What is (-19 + (-2 - -13) - -12) + 14 + -4?
14
(-1 - 12) + 894 + -882
-1
-73 + 59 + (5 - 9 - 2)
-20
What is the value of -3 + (3 - 16) + 20?
4
(15 - 3) + 2 - (616 + -580)
-22
What is 9 - 9 - (-1 - -4) - (36 + -49)?
10
Evaluate (109 - 98) + (-32 + -1 - 0).
-22
Evaluate -32 - (-19 + 10) - 15.
-38
What is the value of 6 + (-29 - -17) + 21?
15
What is -2 - -24 - (-59 + 79)?
2
Evaluate (-26 - -62) + -22 + -39.
-25
What is 2 + 4 + -1 - (115 - 110)?
0
What is the value of (-36 - -5) + 36 - (14 + -3)?
-6
2 - -2 - (-3 - -13) - (-32 + 39)
-13
What is -13 + (20 - -1) + 0 + -22?
-14
What is 24 + 24 + -67 + 21?
2
What is the value of 226 - 270 - (-3 + -59)?
18
What is the value of -1 + (22 - (24 - 11) - 37)?
-29
101 + -94 + (-3 - -2)
6
Evaluate -2 + (-8 - -1) - (-1101 + 1108).
-16
What is the value of (-4 + 13 - 12) + (-1 - 0)?
-4
6 - ((-23 - -12) + 26) - -36
27
What is 5 - (7 + -10) - (-2 + 3 + 2)?
5
Calculate (1 - 5) + -17 + -6 + 9 - 8.
-26
-939 + 899 - (0 - 59)
19
What is the value of -4 + 1 + 4 + -3 + (-3 - -2)?
-3
Evaluate 29 + -44 + 21 - (14 + 1).
-9
What is the value of -7 + -11 + 40 + -21?
1
What is the value of -21 + (56 + -23 - 14)?
-2
What is the value of 0 - (9 + -15 + (-3 - -10))?
-1
Calculate (22 + -3 - 3) + -9 + (-3 - 4).
0
Evaluate 13 + (-2 - 3) - (37 - (3 - 7)).
-33
Calculate (-1 - 5 - (2 + 2)) + 10 + -4.
-4
Evaluate (-36 - (22 - 32)) + 7.
-19
-2 + 4 - (-3 - 22)
27
Evaluate 7 + 27 + (-2 - 28).
4
What is the value of -12 - (-22 - -22 - 15)?
3
What is the value of -10 - -1 - (-21 + -4 + 16)?
0
Calculate -63 + 70 + (-10 - 0) + (-1 - -1).
-3
Calculate -10 +